t w = -8971 + 8960. Let p(o) = o**3 + 12*o**2 + 6*o - 37. Give p(w).
18
Let j(r) = 1156 - 653 + 20*r - 732 + 3*r. Determine j(10).
1
Let t(s) = -13*s**2 + 30*s + 298. Let q(f) = 10*f**2 - 23*f - 228. Let y(i) = 9*q(i) + 7*t(i). Give y(6).
16
Let k(w) = 352*w - 360*w - 327 + 326. What is k(-5)?
39
Let q(h) = -7*h - 9. Suppose 0 = -3*p + p + 8. Let b(g) = 171*g + 169*g - 343*g - 4. Let k(y) = p*q(y) - 9*b(y). What is k(4)?
-4
Let r(v) = -4*v**2 + 4*v + 5. Let z be (448/4)/8*(-4)/(-8) + -8. Determine r(z).
-3
Let j(c) be the first derivative of -c**3/3 - c**2/2 - 5*c - 5. Suppose -f = -4, 20 = -4*k + 6*f - f. Determine j(k).
-5
Let c(k) = -k**2 + 2*k + 3. Suppose 2*h - 265 = 123. Let m be h/18 - (2 - 60/27). Let s(r) = -r + 15. Let b be s(m). What is c(b)?
-5
Let d(f) = 3*f**3 + 16*f**2 + 3*f + 10. Suppose 16*g = -9373 + 9293. Give d(g).
20
Let f(l) = l**3 + 13*l**2 + 20*l + 13. Let x = -67 + 56. Let m be f(x). Suppose -r - m = -8*r. Let w(h) = h + 2. What is w(r)?
7
Suppose -4*s = -2*i - 2, -4*i + 5*s - 5 + 16 = 0. Let t(z) = 11*z - i*z + 6 - 3. Suppose -4*f + 2 - 8 = 2*q, 5*f = 4*q - 40. Give t(f).
-5
Let x(t) be the third derivative of -t**7/2520 - t**6/120 + t**5/15 + 17*t**4/8 + 157*t**2. Let j(i) be the second derivative of x(i). Calculate j(-6).
8
Let q(t) = t - 1. Let j(w) = -w**2 - 8*w + 1. Let p(c) = c**2 + 8*c - 1. Let a(b) = -4*j(b) - 5*p(b). Let y be a(-7). Let s be y/28*1 - 111/21. Calculate q(s).
-6
Suppose -1 = 4*t + 3. Let f(k) be the second derivative of k**7/2520 + k**6/360 - 3*k**4/4 - 17*k. Let w(y) be the third derivative of f(y). Calculate w(t).
-1
Suppose -28 = -4*s, -17*r - 5*s = -20*r - 26. Let c(d) = d**2 + 15*d - 7. What is c(r)?
47
Let h(u) = u**2 - 3*u - 4. Let i be 6/(-27) + 0 + (-20)/(-90). Let d be h(i). Let k(y) = -y**3 - 4*y**2 + 6*y + 2. What is k(d)?
-22
Let d(a) = -50*a**2 + 78*a**2 - 4 + a - 43*a**2 + 14*a**2. Calculate d(-10).
-114
Suppose 3*h - 17 = 5*b, -4*b = 4*h - 13 + 1. Let v be 20 - 16 - b/(-1). Let g(r) = -22*r**3 - 3*r**2 - 3*r**2 - 7*r + 21*r**v - r**2. Calculate g(-5).
-15
Let t(c) = c**3 - 4*c**2 + 5*c. Let n be ((-2)/5)/(72/15 + -5). Let a be ((-6)/n)/(75/12 - 7). Determine t(a).
20
Let t(b) = -2831*b + 2849. Let u be t(1). Let s(i) = i**2 - 9*i - 162. Calculate s(u).
0
Let t(h) = -230*h + 1148. Let x be t(5). Let j(a) = 11*a**2 - 5*a - 3. Calculate j(x).
51
Let y(b) = -b. Let u(h) = 0*h + 612 + 0*h + h - 613. Let q(i) = -2*u(i) - 3*y(i). What is q(2)?
4
Let z(x) = 3 - 21*x**2 + 12*x**2 + 12*x**2 + 104*x**3 - 105*x**3 + 6*x + 1. Give z(5).
-16
Let f(z) be the first derivative of 1/4*z**4 - 5/2*z**2 - 55 - 4*z + z**3. Determine f(-3).
11
Let z(f) = 0 - 5 - 717*f - 729*f + 1445*f. Calculate z(-10).
5
Let b(x) = 5 - 46*x + 13*x + 117*x**2 - 112*x**2 + 25*x. Determine b(5).
90
Let m(f) be the third derivative of f**4/3 + 55*f**3/6 + 10204*f**2 + 2. Give m(-3).
31
Let g(k) be the third derivative of 7*k**5/120 + 11*k**4/24 - 91*k**3/3 + 35*k**2 - 1. Let u(t) be the first derivative of g(t). Calculate u(-2).
-3
Let t(p) be the first derivative of -p**6/120 - p**5/15 + p**4/24 - 7*p**3/6 + 5*p**2 + p + 10. Let d(l) be the second derivative of t(l). Give d(-5).
13
Let w(s) = -s**2 + s - 10. Let h = -151 - -155. Let o be (-4)/(1*-8)*-8 + h. Determine w(o).
-10
Let i be (2258 - 2261)*(-1*1)/1. Let r(f) be the second derivative of 6*f**2 + 1/6*f**i + 0 + 37*f. Determine r(-5).
7
Let g(f) = 90*f + 71. Let i be g(-1). Let k(n) = -n**2 - 20*n - 34. What is k(i)?
-15
Let u be 579/7 - (0 - (-2)/(-7)). Let x(g) = -42*g - 12 - g**2 + u*g - 41*g. What is x(0)?
-12
Let r(x) = -18*x - 81. Let v be (16 - 22)*6/9. Let q be r(v). Let c(g) = -2*g - 18. What is c(q)?
0
Suppose 4*b - 7*b + 15 = 0. Suppose -32 = -b*x + 4*f, -5*f + 32 = 3*x - f. Let d(o) be the first derivative of o**3/3 - 9*o**2/2 + 7*o - 17. Give d(x).
-1
Let u(g) be the third derivative of -g**6/120 - g**5/6 + 5*g**4/8 + g**3/6 + 3*g**2 + 221. Determine u(-11).
-43
Let a(u) be the third derivative of -u**5/60 + 7*u**4/12 - u**3 - 29*u**2. Suppose 7*q - 10*q + 59 = 5*y, 22 = 2*y + 2*q. Give a(y).
7
Let d(b) = 2*b**2 - 4*b - 8. Let u(w) = -5*w**2 + 68*w - 35. Let y be u(13). Determine d(y).
8
Let c(v) = v + 18. Let z(m) = 5*m + 60. Let q be 10 + -5 + (-68)/4. Let w be z(q). Give c(w).
18
Let o = 63 - 54. Let a(y) = 1 - 23*y**2 + 19*y**2 - y**3 - 3*y + o*y**2. What is a(3)?
10
Suppose 71*m = 73*m - 420. Let p = 204 - m. Let y(z) = 2*z. Calculate y(p).
-12
Let b(g) be the first derivative of 37*g**2 + 362*g - 656. What is b(-5)?
-8
Let z(q) = 9*q**2 - 97*q - 2. Let k be z(11). Let i(h) = -20*h + 22*h**3 + h**2 + k*h - 1. What is i(1)?
22
Suppose 18*l + l - 361 = 0. Suppose 69 = -10*o + l. Let i(c) = 2*c + 6. Calculate i(o).
-4
Let x(k) = -487*k + 227. Let t(p) = -88*p + 45. Let q(i) = -11*t(i) + 2*x(i). Calculate q(-12).
31
Let g(j) be the second derivative of -18*j + 1/240*j**6 + 1/120*j**5 + 0*j**2 + 0 + 0*j**3 + 7/12*j**4. Let x(o) be the third derivative of g(o). Give x(2).
7
Let x(o) = 29*o**3 + o**2 + 8*o - 8. Let q be x(1). Let g(v) = -q*v + 8*v + 10*v + 11*v + 2. Calculate g(14).
-12
Let p(j) = 6*j**2 - j - 1. Suppose 6*m - 87 + 15 = 0. Let v be 18/m*8/(-12). What is p(v)?
6
Let x(q) be the second derivative of q**3/6 - 4*q**2 + 2*q + 2796. Suppose -4*r + 5*g + 7 = 0, 5*r + 3*g - 15 = r. Determine x(r).
-5
Let b(x) = x**3 + 22*x**2 - 6*x - 37. Let m(p) = 3*p**3 + 67*p**2 - 20*p - 108. Let c(t) = 7*b(t) - 2*m(t). Give c(-20).
-3
Let s(l) = 45*l + 39*l - 26 - 128*l + 41*l. Give s(-6).
-8
Let r(s) be the second derivative of -1/3*s**3 + 250*s - 11/2*s**2 + 0. Let v be ((-8)/10)/((-2)/(-20)). Calculate r(v).
5
Let k = -2092 + 2098. Let u(o) = -o**3 + 7*o**2 - 7*o + 5. Calculate u(k).
-1
Suppose 12838 = 25*z + 24*z. Let c = z - 249. Let x(u) = -2*u - 8. Calculate x(c).
-34
Let s = -45 + 48. Suppose 0*m = -4*d - s*m + 154, 0 = -m + 2. Let n(c) = 13*c - d*c + 16*c + 7*c + 10. Give n(6).
4
Let d(v) = v**2 + 3*v - 8. Let w(x) = x**2 + 39*x + 68. Let i be w(-34). Let f be 224/(-36) - (i/(-27) + -4). Determine d(f).
10
Let h be ((-30)/21)/5 - (-92)/28. Let s(c) = 6 - 15 + c**h - 5*c**2 + 10*c**2 + 10. Calculate s(-5).
1
Let n(x) = 7*x - 60. Suppose 302 = 90*k - 328. Calculate n(k).
-11
Let i(t) = 2*t**2 + 13*t - 6. Let a(q) = q**2 + 8*q - 160. Let l be a(-17). Calculate i(l).
1
Let w be (-456)/(-30) + (27/15 - 1). Suppose -w = -12*n - 40. Let u(o) = 4*o + 3. What is u(n)?
-5
Let w(q) = -10*q - 2. Let t(v) = -51*v - 22. Let a(m) = t(m) - 5*w(m). What is a(-5)?
-7
Suppose -4*n = -5*w - 49, -3*w - 11*n - 4 = 12. Let l(d) = d**3 + 9*d**2 + 2*d + 15. What is l(w)?
-3
Let j(y) = 4 - 2*y**2 + 22 - 41*y + 46*y. Let h be j(5). Let f(a) = -23*a**3 + 2*a**2 - 1. Calculate f(h).
-22
Let m = -45 + 88. Let q = -37 + m. Let w(p) = 2*p**2 - 7*p + 1. Determine w(q).
31
Let d(y) = 11*y + 9. Suppose -6*x + 11*x + 185 = 0. Let s = x + 24. Let r(q) = 6*q + 4. Let k(c) = s*r(c) + 6*d(c). Give k(2).
-22
Let r(o) = 2*o**2 - 128*o - 845. Let y be r(70). Let h(n) = -2*n**3 - 10*n**2 - 7*n - 36. Give h(y).
-1
Let w(j) = -3*j - 5. Suppose 3*c - 6 = 0, 5*c - 2 = -g + 10. Suppose 0 = -2*n - 2*k - 0 + g, 4*k - 12 = -2*n. Give w(n).
7
Let f be (6/4)/((-18)/(-24)). Let p(w) = -w**3 + 5*w**f - 1 - 5*w + 4*w + 2 + 0. Suppose 0*q + 3*q = -5*j + 26, -2*q = -2*j + 4. Determine p(j).
13
Let n(a) = -a**3 + 11*a**2 + 127*a - 20. Let s be n(18). Let y(m) = -5*m**3 - 4*m**2 - 4*m - 3. Calculate y(s).
29
Let h(r) = r**3 + 21*r**2 - 2*r - 40. Let a be h(-21). Let u(i) = 5*i + 0*i - 4 + 6*i - i**a - 6*i. Give u(6).
-10
Let d(c) = -8*c - 8 - 4*c**2 - 8 + 3*c**2 - 1 + 13. Suppose -5*q = -2*p + 23, 2*q = 5*q + 2*p + 1. Determine d(q).
11
Let j(z) = z**3 + 13*z**2 - 15*z - 5. Suppose -3*a = w - 906, 7*w - 12*w + a + 4514 = 0. Let p = -917 + w. What is j(p)?
9
Let y(w) = 1172 + 8*w - 2298 + 1238. Calculate y(-12).
16
Let p(g) = -g - 6. Suppose 76 = 5*l + 31. Suppose -3*j = -l, 697 = 5*z + 4*j + 250. Suppose -9 - z = 16*d. Determine p(d).
0
Let v(q) = 541*q - 52. Let t(f) = -1530*f + 155. Let y(p) = -6*t(p) - 17*v(p). What is y(-3)?
5
Suppose 2 = 2*i - i. Let a(p) = -2 + 10 + 0*p + i*p. Let t(o) = o**3 - 137*o**2 + 410*o - 1078. Let h be t(134). Give a(h).
-4
Let w(u) be the third derivative of u**5/30 + 5